What are the prime factors of g(i)?
2, 11
Let d(z) = z**3 - 17*z**2 - 12*z + 12. Let i be (11/11)/((-34)/36 + 1). What are the prime factors of d(i)?
2, 3, 5
Let y = -8 + 10. Let n(g) = -15*g + 3*g**2 - 3*g**2 + g**y - 6 - 2*g**2. List the prime factors of n(-13).
2, 5
Let g(b) = 2*b**3 + 5*b**2 - 5*b - 4. Let z be g(2). Let l = -52 - -137. Let u = l - z. What are the prime factors of u?
3, 7
Let n(s) = s**2 + 16*s + 19. Let p be n(-11). Let t = -23 - p. What are the prime factors of t?
13
Suppose 4*p - 2*f + 12 = 6*p, 4*f = 12. Suppose -127 = -4*c + 8*c - p*x, -2*x = -2. What are the prime factors of 1/(1/(-2)) - c?
29
Suppose -q = 2*v - 4645, 2*v - 5*q = 3997 + 630. List the prime factors of v.
11, 211
Suppose -2*r = 5*g - 2465, -r + 18*g + 1219 = 16*g. List the prime factors of r.
5, 7
Let m = 13 + -14. List the prime factors of m*3*((-202)/6 - 2).
107
Suppose -226*p + 219*p = -21245. What are the prime factors of p?
5, 607
Suppose 2*u = 7 + 3. Let h(f) be the third derivative of -f**5/60 + f**4/3 - 7*f**3/6 - 2*f**2. What are the prime factors of h(u)?
2
Suppose -5968 = -5*f + 6422. What are the prime factors of f?
2, 3, 7, 59
Let y be -5 - -9 - (-135 + 1). Suppose -177 = -5*q + k, -2*k = -4*q - 0*k + y. List the prime factors of q.
2, 3
Let l = 14 + -11. Suppose -4*y + 324 = 4*v, 3*v - 227 = -y + 6*y. Suppose 3*x - 5*b = 62, -l*b = -3*x - x + v. List the prime factors of x.
19
Let k = 2733 - 1345. List the prime factors of k.
2, 347
Let t(a) = a**3 + a**2 - a + 2. List the prime factors of t(0).
2
What are the prime factors of 2051 - (-2 - (-6 + (-6 - -8)))?
3, 683
Let d(o) be the second derivative of -o**5/20 + 2*o**4/3 + o**3/6 - 5*o - 15. Let n be (-5 - 2)/(-3 - -2). List the prime factors of d(n).
2, 7
Suppose 1 = 5*o - i - 12, -3*o = -5*i - 21. Suppose o*f - 72 = 66. What are the prime factors of f?
3, 23
Suppose -2*t = 3*v - 461, 0*v = -4*t - v + 927. List the prime factors of t.
2, 29
Suppose -39096 = -12*g - 42*g. List the prime factors of g.
2, 181
Suppose 10*w - 55 = -5. Suppose -w*z + 109 = 4. What are the prime factors of z?
3, 7
Let w(k) = k + 4. Let r be w(-4). Suppose r = c - 1 - 10. List the prime factors of c + (-2 + 2)/1.
11
Suppose 2*z - 16 = -5*r, 5*r + 4 = -4*z + 4*r. Let y(l) = 19*l**2 - l + 1. List the prime factors of y(z).
79
Let n = 5 - -38. Suppose 2*r = -4*w - 38, 4*w = 3*r - 0 - n. Let i = w + 14. List the prime factors of i.
2
Let w(n) = -54*n - 278. What are the prime factors of w(-23)?
2, 241
Suppose 3*z - 55 = -25. Let c be ((-4)/z)/(7/105). What are the prime factors of c*((-2)/2 - 1)?
2, 3
Suppose 3*b - 16036 = -5*s + 6*b, 3*s - 4*b - 9615 = 0. List the prime factors of s.
3209
Suppose k - 5*k = -5*n + 110, 0 = 4*k + 20. Let z be 6/(-4)*(-84)/n. Suppose z = -2*x - 5*t + 76, 0 = 2*t - 6. What are the prime factors of x?
3
Let n = 2263 + -1258. List the prime factors of n.
3, 5, 67
Suppose -18 = -h - 5*h. Suppose 0 = -h*b, -s - b = -49 - 21. List the prime factors of s.
2, 5, 7
Let x = 6 - 14. What are the prime factors of -1 + (-5)/(-4) + (-646)/x?
3
Let o = 74 - 321. List the prime factors of (-26)/o + 528/38.
2, 7
Let l(a) = a**2 + 27*a - 18. List the prime factors of l(22).
2, 5, 53
Suppose -5*h = 10, -8303 + 1141 = -4*d + 5*h. List the prime factors of d.
2, 3, 149
Suppose 2*z - 33*u + 28*u = 1205, -2*u - 10 = 0. List the prime factors of z.
2, 5, 59
Suppose 0*c - 250 = -k + c, 5*k + 5*c = 1270. Suppose -3*a - k = -7*a. Let w = a - 1. What are the prime factors of w?
2, 31
Suppose 6 = 2*h - 0*h. Let z(s) = 3*s - 16. Let a be z(6). Suppose 9 = -h*g, 5*p + 3*g - 22 = a*g. What are the prime factors of p?
5
Suppose -141 = -u - 2*u. Suppose -37*g = 164 + 946. Let d = u + g. List the prime factors of d.
17
Let s = 1384 + -664. What are the prime factors of s?
2, 3, 5
Suppose -h - 10672 = -4*t, 2*t = 4*h + 7061 - 1739. List the prime factors of t.
17, 157
Suppose 4*q + 2*t = 1600, 12*q - 15*q = 4*t - 1205. List the prime factors of q.
3, 7, 19
Let h(f) = 9*f**2 + 53*f - 107. What are the prime factors of h(-17)?
3, 59
Let y(u) = 2*u**2 + 17*u + 1. Let a be y(-9). Let o(m) = 10*m - 22. What are the prime factors of o(a)?
2, 3, 13
Let y(m) = 13*m - 30. Let n(v) = 3*v - 2. Let k be n(4). List the prime factors of y(k).
2, 5
List the prime factors of (2*-1542)/(1*(-26)/39).
2, 3, 257
Let g(u) = u**3 + 4*u**2 - 5*u + 2. Let i be (-30)/(-4)*10/(-15). Let y be g(i). List the prime factors of 10*(y/4 + 1).
3, 5
Let u(m) = -102 + 6*m**2 + 85 + 9*m**2 + m**3 + 2*m. List the prime factors of u(-13).
5, 59
Suppose -4*b - 66 = -170. List the prime factors of b.
2, 13
Let w(y) = -124*y - 110. List the prime factors of w(-9).
2, 503
Let d(z) = -5*z**2 - 4*z - 2. Let h be d(-3). Let p = 149 - 82. Let r = h + p. What are the prime factors of r?
2
Suppose -7*p + 2*p - 130 = 0. Let h be p/(-5) + 11/(-55). Suppose h*m - 26 = -4*j + 17, -3*m = -3*j + 66. What are the prime factors of j?
17
Let y = -102 - -70. Let p = 78 + y. What are the prime factors of p?
2, 23
Let c be (-3)/6 + (-1)/2. Let q be (-125)/(0 + c) - 1. Suppose 6*i - q = 2*i. What are the prime factors of i?
31
Let t = -26 - 175. Let w = t + 292. List the prime factors of w.
7, 13
Let c(n) = n**3 + 10*n**2 + 9*n + 9. Let w be c(-9). Suppose 2*t = -w + 23. List the prime factors of t.
7
Suppose 4*a + 4*v + 1175 = 7*a, 5*a - 1997 = -3*v. List the prime factors of a.
397
Suppose -6*h - 32 - 40 = 0. List the prime factors of 424/h*((-2 - 7) + 3).
2, 53
Suppose 9*i - 2885 = 1174. List the prime factors of i.
11, 41
Let o(q) = -q**3 + q**2 + 7*q + 232. What are the prime factors of o(0)?
2, 29
Let b = -11 + 718. List the prime factors of b.
7, 101
Suppose -7*o - 108008 = -53*o. List the prime factors of o.
2, 587
Let m = -919 - -1289. List the prime factors of m.
2, 5, 37
Suppose -3*t - 2*v + 41 = 0, -t - 3*v - 10 = -2*t. Let a(q) = q**3 - 11*q**2 - 6. Let f be a(11). Let d = t + f. List the prime factors of d.
7
Let l = 124 - -8. Suppose 0*n + 4*n = l. List the prime factors of n.
3, 11
Suppose -4*t + 16 = -12. Let s = 10 - t. Suppose s*h - 10 = -x, 0 = -2*x + x + h + 2. What are the prime factors of x?
2
Suppose 223 = s + 74. What are the prime factors of s?
149
Suppose -4*y + 4 = -4. Let d be ((-1)/y)/((-1)/4). Suppose 0 = -3*l + 4*l - 3*n - 17, 0 = d*n - 6. What are the prime factors of l?
2, 13
Let c(i) = 245*i + 24. List the prime factors of c(1).
269
Let l(y) = y**2 + 13. Let j be l(10). Let h = j + -74. Suppose 3*r - 4*w - h = 0, 5*r + 5*w - 86 = 14. What are the prime factors of r?
17
Let n = -28 + 13. Let f(j) = j**2 + 14*j + 2. List the prime factors of f(n).
17
Suppose -5 = p, -5*p + 326 = -n + 922. List the prime factors of n.
571
Suppose -2*p = 4*i - 2592, 690 = i + p + 41. List the prime factors of i.
647
Suppose -2*o - 3*d = -95 - 168, 2*o - 2*d - 258 = 0. Let t = -62 + o. List the prime factors of t.
2, 17
Suppose 4*a = -9 - 23. Let x(c) = c + 14. Let v be x(a). Suppose 156 = 3*b - v. List the prime factors of b.
2, 3
Let s(k) = -2*k + 7. Let d be s(-4). Let n = 103 + d. What are the prime factors of n?
2, 59
Suppose 0 = 136*n - 138*n + 1086. Let c = n + -297. List the prime factors of c.
2, 3, 41
Let w = 546 - 523. Let z(l) = 2*l. Let o be z(4). Let h = w - o. List the prime factors of h.
3, 5
Let n = -10561 + 15045. List the prime factors of n.
2, 19, 59
Suppose -35 = -3*o - 5*w - 9, 5*w - 16 = 2*o. Let p be 6/(-4) + (-47)/o. Let i = 45 + p. What are the prime factors of i?
2, 5
What are the prime factors of (5418/49)/(12/56)?
2, 3, 43
Let n(c) = -6 + 6*c + 28*c + 2*c. Let b(w) = -7*w + 1. Let g(u) = -21*b(u) - 4*n(u). What are the prime factors of g(2)?
3
Let a(v) = -v**3 - v**2 + 2*v + 34. Suppose 4*h - 5*w + 44 = 0, -2*h = 3*w + w - 4. Let j = h - -6. What are the prime factors of a(j)?
2, 17
Suppose 2*u - 38 = 2. Let k = u - 6. Let z(y) = y**3 - 13*y**2 - 14*y + 12. List the prime factors of z(k).
2, 3
Suppose 3*b - b = 10. Let l = -3 + b. Suppose -2*z = -r - l*r - 34, -z - 9 = 5*r. What are the prime factors of z?
11
Let g(j) = -24*j - 12. Let z be g(3). Let l = 112 + z. List the prime factors of l.
2, 7
Suppose 4*x - 931 = -o + 3*x, x + 4685 = 5*o. List the prime factors of o.
2, 3, 13
Suppose 125 = -5*a + 660. Let g = -4 + a. What are the 